{"id":170,"date":"2021-10-01T19:39:57","date_gmt":"2021-10-01T17:39:57","guid":{"rendered":"https:\/\/www.federzeichen.de\/?page_id=170"},"modified":"2021-11-05T12:18:04","modified_gmt":"2021-11-05T11:18:04","slug":"meine-leistung-lesen-deines-manuskriptes-auf-basis-des-seitenpreises","status":"publish","type":"page","link":"https:\/\/www.federzeichen.de\/?page_id=170","title":{"rendered":"Meine Leistung"},"content":{"rendered":"\n<h5 class=\"has-normal-font-size wp-block-heading\"> <em>Dein Buch oder deine Seite lesbar und verst\u00e4ndlich zu machen, kostet Zeit &#8211; oder Geld! Entscheide du, was dir wichtig ist<\/em><\/h5>\n\n\n\n<p><\/p>\n\n\n\n<p class=\"has-extra-small-font-size\">Ich biete dir:<\/p>\n\n\n\n<p class=\"has-extra-small-font-size\">das Korrekturlesen deiner Blog-Artikel, deines E-Books oder deiner Website auf Basis eines vollst\u00e4ndigen Layouts, das du mir z. B. als PDF-Dokument zusendest. Alternativ ist auch ein Link zu deiner Google-Doc-Aufzeichnung m\u00f6glich. Zum vollst\u00e4ndigen Layout geh\u00f6ren Text, \u00dcberschriften, Inhaltsverzeichnis, aber auch in den Text integrierte Bilder mit Bildunterschriften. Die Schriftgr\u00f6\u00dfe sollte nicht kleiner als 10 Punkt sein, um die Lesbarkeit des Textes gew\u00e4hrleisten zu k\u00f6nnen.<\/p>\n\n\n\n<p class=\"has-extra-small-font-size\">Ich berechne dir:<\/p>\n\n\n\n<p class=\"has-extra-small-font-size\">in der Regel keinen Stundenlohn, sondern die eingesendeten Seiten. Wenn du au\u00dfer dem Korrekturlesen auch noch zus\u00e4tzliche W\u00fcnsche hast, z. B. \u00c4nderung an Formulierungen, \u00c4nderung des Layouts, o. \u00e4., setze ich den Preis f\u00fcr ein Lektorat an. Es kann auch passieren, dass dir die Zeit unter den N\u00e4geln brennt. Auch dann stehe ich dir zur Verf\u00fcgung, den Preis verhandeln wir dann individuell (abh\u00e4ngig von deiner Deadline und dem Umfang deines Textes).<\/p>\n\n\n\n<p class=\"has-extra-small-font-size\">Ich verspreche dir: <\/p>\n\n\n\n<p class=\"has-extra-small-font-size\">das vereinbarte Honorar wird vertragsgem\u00e4\u00df berechnet, Zusatzleistungen werden vorab mit dir abgesprochen. Du solltest aber ebenso fair sein und mir vorher deine genauen W\u00fcnsche mitteilen.<\/p>\n\n\n\n<div class=\"wp-block-columns is-layout-flex wp-container-core-columns-is-layout-9d6595d7 wp-block-columns-is-layout-flex\">\n<div class=\"wp-block-column is-layout-flow wp-block-column-is-layout-flow\" style=\"flex-basis:66.66%\">\n<p class=\"has-extra-small-font-size\">Wenn du wissen m\u00f6chtest, wie ich arbeite, <a href=\"mailto: kontakt@federzeichen.de\">kontaktiere <\/a>mich gerne und erfrage die Textkorrektur einer Probeseite an. <\/p>\n<\/div>\n\n\n\n<div class=\"wp-block-column is-layout-flow wp-block-column-is-layout-flow\" style=\"flex-basis:33.33%\">\n<figure class=\"wp-block-image size-full is-resized is-style-rounded\"><img loading=\"lazy\" decoding=\"async\" src=\"https:\/\/www.federzeichen.de\/wp-content\/uploads\/2021\/10\/nie-gelesene-Buecher.jpg\" alt=\"Die Galerie der ungelesenen B\u00fccher\" class=\"wp-image-205\" width=\"200\" height=\"136\" title=\"\u00a9: Chris Walkowiak\" srcset=\"https:\/\/www.federzeichen.de\/wp-content\/uploads\/2021\/10\/nie-gelesene-Buecher.jpg 617w, https:\/\/www.federzeichen.de\/wp-content\/uploads\/2021\/10\/nie-gelesene-Buecher-300x206.jpg 300w\" sizes=\"auto, (max-width: 200px) 100vw, 200px\" \/><\/figure>\n<\/div>\n<\/div>\n\n\n\n<div class=\"wp-block-buttons is-layout-flex wp-block-buttons-is-layout-flex\">\n<div class=\"wp-block-button has-custom-width wp-block-button__width-100 has-custom-font-size is-style-outline has-small-font-size is-style-outline--1\" id=\"Preis\"><a class=\"wp-block-button__link has-text-color\" href=\"https:\/\/www.federzeichen.de\/?page_id=209\" style=\"border-radius:34px;color:#0b0b53\"> Hier kommst du zu meinen Preisen <\/a><\/div>\n<\/div>\n\n\n\n<p><\/p>\n","protected":false},"excerpt":{"rendered":"<p>Dein Buch oder deine Seite lesbar und verst\u00e4ndlich zu machen, kostet Zeit &#8211; oder Geld! Entscheide du, was dir wichtig ist Ich biete&hellip;<\/p>\n","protected":false},"author":1,"featured_media":0,"parent":0,"menu_order":0,"comment_status":"closed","ping_status":"closed","template":"","meta":{"footnotes":""},"class_list":["post-170","page","type-page","status-publish","hentry"],"yoast_head":"<!-- This site is optimized with the Yoast SEO plugin v27.5 - https:\/\/yoast.com\/product\/yoast-seo-wordpress\/ -->\n<title>Meine Leistung -<\/title>\n<meta name=\"description\" content=\"Ich biete dir das Lesen deines Manuskriptes auf Basis des Seitenpreises. Auf Wunsch einfache Lektoratsarbeit.\" \/>\n<meta name=\"robots\" content=\"index, follow, max-snippet:-1, max-image-preview:large, max-video-preview:-1\" \/>\n<link rel=\"canonical\" href=\"https:\/\/www.federzeichen.de\/?page_id=170\" \/>\n<meta property=\"og:locale\" content=\"de_DE\" \/>\n<meta property=\"og:type\" content=\"article\" \/>\n<meta property=\"og:title\" content=\"Meine Leistung -\" \/>\n<meta property=\"og:description\" content=\"Ich biete dir das Lesen deines Manuskriptes auf Basis des Seitenpreises. Auf Wunsch einfache Lektoratsarbeit.\" \/>\n<meta property=\"og:url\" content=\"https:\/\/www.federzeichen.de\/?page_id=170\" \/>\n<meta property=\"article:modified_time\" content=\"2021-11-05T11:18:04+00:00\" \/>\n<meta property=\"og:image\" content=\"https:\/\/www.federzeichen.de\/wp-content\/uploads\/2021\/10\/nie-gelesene-Buecher.jpg\" \/>\n<meta name=\"twitter:card\" content=\"summary_large_image\" \/>\n<meta name=\"twitter:label1\" content=\"Gesch\u00e4tzte Lesezeit\" \/>\n\t<meta name=\"twitter:data1\" content=\"2\u00a0Minuten\" \/>\n<script type=\"application\/ld+json\" class=\"yoast-schema-graph\">{\"@context\":\"https:\\\/\\\/schema.org\",\"@graph\":[{\"@type\":\"WebPage\",\"@id\":\"https:\\\/\\\/www.federzeichen.de\\\/?page_id=170\",\"url\":\"https:\\\/\\\/www.federzeichen.de\\\/?page_id=170\",\"name\":\"Meine Leistung -\",\"isPartOf\":{\"@id\":\"https:\\\/\\\/www.federzeichen.de\\\/#website\"},\"primaryImageOfPage\":{\"@id\":\"https:\\\/\\\/www.federzeichen.de\\\/?page_id=170#primaryimage\"},\"image\":{\"@id\":\"https:\\\/\\\/www.federzeichen.de\\\/?page_id=170#primaryimage\"},\"thumbnailUrl\":\"https:\\\/\\\/www.federzeichen.de\\\/wp-content\\\/uploads\\\/2021\\\/10\\\/nie-gelesene-Buecher.jpg\",\"datePublished\":\"2021-10-01T17:39:57+00:00\",\"dateModified\":\"2021-11-05T11:18:04+00:00\",\"description\":\"Ich biete dir das Lesen deines Manuskriptes auf Basis des Seitenpreises. Auf Wunsch einfache Lektoratsarbeit.\",\"breadcrumb\":{\"@id\":\"https:\\\/\\\/www.federzeichen.de\\\/?page_id=170#breadcrumb\"},\"inLanguage\":\"de\",\"potentialAction\":[{\"@type\":\"ReadAction\",\"target\":[\"https:\\\/\\\/www.federzeichen.de\\\/?page_id=170\"]}]},{\"@type\":\"ImageObject\",\"inLanguage\":\"de\",\"@id\":\"https:\\\/\\\/www.federzeichen.de\\\/?page_id=170#primaryimage\",\"url\":\"https:\\\/\\\/www.federzeichen.de\\\/wp-content\\\/uploads\\\/2021\\\/10\\\/nie-gelesene-Buecher.jpg\",\"contentUrl\":\"https:\\\/\\\/www.federzeichen.de\\\/wp-content\\\/uploads\\\/2021\\\/10\\\/nie-gelesene-Buecher.jpg\",\"width\":617,\"height\":424,\"caption\":\"Die Galerie der ungelesenen B\u00fccher\"},{\"@type\":\"BreadcrumbList\",\"@id\":\"https:\\\/\\\/www.federzeichen.de\\\/?page_id=170#breadcrumb\",\"itemListElement\":[{\"@type\":\"ListItem\",\"position\":1,\"name\":\"Startseite\",\"item\":\"https:\\\/\\\/www.federzeichen.de\\\/\"},{\"@type\":\"ListItem\",\"position\":2,\"name\":\"Korrekturlesen berechnet mit Seitenpreis\"}]},{\"@type\":\"WebSite\",\"@id\":\"https:\\\/\\\/www.federzeichen.de\\\/#website\",\"url\":\"https:\\\/\\\/www.federzeichen.de\\\/\",\"name\":\"Federzeichen\",\"description\":\"Korrekturlesen f\u00fcr Dich\",\"publisher\":{\"@id\":\"https:\\\/\\\/www.federzeichen.de\\\/#\\\/schema\\\/person\\\/5d530bd43cdc8123fca795723d7a1391\"},\"potentialAction\":[{\"@type\":\"SearchAction\",\"target\":{\"@type\":\"EntryPoint\",\"urlTemplate\":\"https:\\\/\\\/www.federzeichen.de\\\/?s={search_term_string}\"},\"query-input\":{\"@type\":\"PropertyValueSpecification\",\"valueRequired\":true,\"valueName\":\"search_term_string\"}}],\"inLanguage\":\"de\"},{\"@type\":[\"Person\",\"Organization\"],\"@id\":\"https:\\\/\\\/www.federzeichen.de\\\/#\\\/schema\\\/person\\\/5d530bd43cdc8123fca795723d7a1391\",\"name\":\"Chris Walkowiak\",\"image\":{\"@type\":\"ImageObject\",\"inLanguage\":\"de\",\"@id\":\"https:\\\/\\\/www.federzeichen.de\\\/wp-content\\\/uploads\\\/2021\\\/10\\\/cropped-Logo-Chris-RZ-final-e1634219568799.png\",\"url\":\"https:\\\/\\\/www.federzeichen.de\\\/wp-content\\\/uploads\\\/2021\\\/10\\\/cropped-Logo-Chris-RZ-final-e1634219568799.png\",\"contentUrl\":\"https:\\\/\\\/www.federzeichen.de\\\/wp-content\\\/uploads\\\/2021\\\/10\\\/cropped-Logo-Chris-RZ-final-e1634219568799.png\",\"width\":500,\"height\":300,\"caption\":\"Chris Walkowiak\"},\"logo\":{\"@id\":\"https:\\\/\\\/www.federzeichen.de\\\/wp-content\\\/uploads\\\/2021\\\/10\\\/cropped-Logo-Chris-RZ-final-e1634219568799.png\"},\"sameAs\":[\"http:\\\/\\\/www.federzeichen.de\"]}]}<\/script>\n<!-- \/ Yoast SEO plugin. -->","yoast_head_json":{"title":"Meine Leistung -","description":"Ich biete dir das Lesen deines Manuskriptes auf Basis des Seitenpreises. Auf Wunsch einfache Lektoratsarbeit.","robots":{"index":"index","follow":"follow","max-snippet":"max-snippet:-1","max-image-preview":"max-image-preview:large","max-video-preview":"max-video-preview:-1"},"canonical":"https:\/\/www.federzeichen.de\/?page_id=170","og_locale":"de_DE","og_type":"article","og_title":"Meine Leistung -","og_description":"Ich biete dir das Lesen deines Manuskriptes auf Basis des Seitenpreises. Auf Wunsch einfache Lektoratsarbeit.","og_url":"https:\/\/www.federzeichen.de\/?page_id=170","article_modified_time":"2021-11-05T11:18:04+00:00","og_image":[{"url":"https:\/\/www.federzeichen.de\/wp-content\/uploads\/2021\/10\/nie-gelesene-Buecher.jpg","type":"","width":"","height":""}],"twitter_card":"summary_large_image","twitter_misc":{"Gesch\u00e4tzte Lesezeit":"2\u00a0Minuten"},"schema":{"@context":"https:\/\/schema.org","@graph":[{"@type":"WebPage","@id":"https:\/\/www.federzeichen.de\/?page_id=170","url":"https:\/\/www.federzeichen.de\/?page_id=170","name":"Meine Leistung -","isPartOf":{"@id":"https:\/\/www.federzeichen.de\/#website"},"primaryImageOfPage":{"@id":"https:\/\/www.federzeichen.de\/?page_id=170#primaryimage"},"image":{"@id":"https:\/\/www.federzeichen.de\/?page_id=170#primaryimage"},"thumbnailUrl":"https:\/\/www.federzeichen.de\/wp-content\/uploads\/2021\/10\/nie-gelesene-Buecher.jpg","datePublished":"2021-10-01T17:39:57+00:00","dateModified":"2021-11-05T11:18:04+00:00","description":"Ich biete dir das Lesen deines Manuskriptes auf Basis des Seitenpreises. Auf Wunsch einfache Lektoratsarbeit.","breadcrumb":{"@id":"https:\/\/www.federzeichen.de\/?page_id=170#breadcrumb"},"inLanguage":"de","potentialAction":[{"@type":"ReadAction","target":["https:\/\/www.federzeichen.de\/?page_id=170"]}]},{"@type":"ImageObject","inLanguage":"de","@id":"https:\/\/www.federzeichen.de\/?page_id=170#primaryimage","url":"https:\/\/www.federzeichen.de\/wp-content\/uploads\/2021\/10\/nie-gelesene-Buecher.jpg","contentUrl":"https:\/\/www.federzeichen.de\/wp-content\/uploads\/2021\/10\/nie-gelesene-Buecher.jpg","width":617,"height":424,"caption":"Die Galerie der ungelesenen B\u00fccher"},{"@type":"BreadcrumbList","@id":"https:\/\/www.federzeichen.de\/?page_id=170#breadcrumb","itemListElement":[{"@type":"ListItem","position":1,"name":"Startseite","item":"https:\/\/www.federzeichen.de\/"},{"@type":"ListItem","position":2,"name":"Korrekturlesen berechnet mit Seitenpreis"}]},{"@type":"WebSite","@id":"https:\/\/www.federzeichen.de\/#website","url":"https:\/\/www.federzeichen.de\/","name":"Federzeichen","description":"Korrekturlesen f\u00fcr Dich","publisher":{"@id":"https:\/\/www.federzeichen.de\/#\/schema\/person\/5d530bd43cdc8123fca795723d7a1391"},"potentialAction":[{"@type":"SearchAction","target":{"@type":"EntryPoint","urlTemplate":"https:\/\/www.federzeichen.de\/?s={search_term_string}"},"query-input":{"@type":"PropertyValueSpecification","valueRequired":true,"valueName":"search_term_string"}}],"inLanguage":"de"},{"@type":["Person","Organization"],"@id":"https:\/\/www.federzeichen.de\/#\/schema\/person\/5d530bd43cdc8123fca795723d7a1391","name":"Chris Walkowiak","image":{"@type":"ImageObject","inLanguage":"de","@id":"https:\/\/www.federzeichen.de\/wp-content\/uploads\/2021\/10\/cropped-Logo-Chris-RZ-final-e1634219568799.png","url":"https:\/\/www.federzeichen.de\/wp-content\/uploads\/2021\/10\/cropped-Logo-Chris-RZ-final-e1634219568799.png","contentUrl":"https:\/\/www.federzeichen.de\/wp-content\/uploads\/2021\/10\/cropped-Logo-Chris-RZ-final-e1634219568799.png","width":500,"height":300,"caption":"Chris Walkowiak"},"logo":{"@id":"https:\/\/www.federzeichen.de\/wp-content\/uploads\/2021\/10\/cropped-Logo-Chris-RZ-final-e1634219568799.png"},"sameAs":["http:\/\/www.federzeichen.de"]}]}},"_links":{"self":[{"href":"https:\/\/www.federzeichen.de\/index.php?rest_route=\/wp\/v2\/pages\/170","targetHints":{"allow":["GET"]}}],"collection":[{"href":"https:\/\/www.federzeichen.de\/index.php?rest_route=\/wp\/v2\/pages"}],"about":[{"href":"https:\/\/www.federzeichen.de\/index.php?rest_route=\/wp\/v2\/types\/page"}],"author":[{"embeddable":true,"href":"https:\/\/www.federzeichen.de\/index.php?rest_route=\/wp\/v2\/users\/1"}],"replies":[{"embeddable":true,"href":"https:\/\/www.federzeichen.de\/index.php?rest_route=%2Fwp%2Fv2%2Fcomments&post=170"}],"version-history":[{"count":18,"href":"https:\/\/www.federzeichen.de\/index.php?rest_route=\/wp\/v2\/pages\/170\/revisions"}],"predecessor-version":[{"id":286,"href":"https:\/\/www.federzeichen.de\/index.php?rest_route=\/wp\/v2\/pages\/170\/revisions\/286"}],"wp:attachment":[{"href":"https:\/\/www.federzeichen.de\/index.php?rest_route=%2Fwp%2Fv2%2Fmedia&parent=170"}],"curies":[{"name":"wp","href":"https:\/\/api.w.org\/{rel}","templated":true}]}}